
c52b0b
In base 9, what is -4 - 122387351?
-122387355
In base 16, what is 0 + fa82a0?
fa82a0
In base 5, what is 3140 + 1103423442?
1103432132
In base 16, what is -43 + -f670?
-f6b3
In base 9, what is -638 - 4801?
-5540
In base 5, what is 43130322244 - -1?
43130322300
In base 14, what is 9 + -14815a2d?
-14815a24
In base 11, what is -490828 - 37?
-490864
In base 5, what is -2021234 - 120?
-2021404
In base 4, what is 3001013 + 323012?
3330031
In base 10, what is 81 - -10703?
10784
In base 6, what is -1112541323 + 22?
-1112541301
In base 3, what is 1101211002002021 - 201?
1101211002001120
In base 10, what is -31562074 - -3?
-31562071
In base 2, what is -10010010011010011101001 - 100?
-10010010011010011101101
In base 11, what is -10 - 2089342?
-2089352
In base 11, what is 16985477 + -2?
16985475
In base 12, what is 183 + -21784?
-21601
In base 8, what is -1225 + -3654?
-5101
In base 2, what is -11000010111110000000101100001 - 100?
-11000010111110000000101100101
In base 13, what is -c + 4b62711?
4b62702
In base 15, what is 21 - -7802a?
7804b
In base 4, what is 323101333 + -2223?
323033110
In base 8, what is 617 - -1004565?
1005404
In base 4, what is 1221 + -231300201?
-231232320
In base 16, what is 17600993 + -5?
1760098e
In base 5, what is 1001203 - 2432?
443221
In base 9, what is 1437725330 - 4?
1437725325
In base 3, what is 220101020002211 + 112?
220101020010100
In base 4, what is -2 + 10131201213?
10131201211
In base 3, what is 2110221201201200 - -12?
2110221201201212
In base 3, what is 11110 - -12100221122?
12101010002
In base 16, what is 1af + -8169?
-7fba
In base 11, what is 4 + 11586383?
11586387
In base 13, what is c + 9c4953?
9c4962
In base 11, what is 4 - 93396?
-93392
In base 13, what is -aa1 + 8c7?
-1a7
In base 16, what is 4ce9 + 3e?
4d27
In base 4, what is -13000131 + -103?
-13000300
In base 4, what is 1133 - -1222023220?
1222031013
In base 9, what is -133776 - 3?
-133780
In base 11, what is -470404 + 4?
-470400
In base 4, what is -300 + -12312002300?
-12312003200
In base 7, what is 105126422 + 15?
105126440
In base 15, what is -b - 6d2aa5?
-6d2ab1
In base 5, what is -122 + 4104322013?
4104321341
In base 13, what is 1b - c9912?
-c98c4
In base 7, what is 464533665 + 5?
464534003
In base 11, what is -19833 - 11?
-19844
In base 4, what is 213202130 + 1212023?
221020213
In base 7, what is -23 - -103115606?
103115553
In base 4, what is 130210131311 - 2?
130210131303
In base 12, what is 2b8089 - 282?
2b7a07
In base 10, what is 218352 + 33?
218385
In base 14, what is -5 + 24b7153?
24b714c
In base 6, what is -124312220 - -4?
-124312212
In base 9, what is -346 + -224300?
-224646
In base 3, what is -22111120002 + -12200?
-22111202202
In base 9, what is 143772056 - 2?
143772054
In base 2, what is -111100010 - -1001011100100100?
1001010101000010
In base 12, what is -3746 - -255?
-34b1
In base 4, what is -20 + -12212303332?
-12212310012
In base 5, what is -12 + 2304042431?
2304042414
In base 15, what is 2 - -10e9d2?
10e9d4
In base 2, what is 1001010000011 - -10110?
1001010011001
In base 6, what is -3 - -5333552325?
5333552322
In base 7, what is -136306 - 13146?
-152455
In base 14, what is 98 + c4c?
d06
In base 11, what is 1331731 + 99?
133181a
In base 12, what is -5889 - 719?
-63a6
In base 9, what is -100672 + -401?
-101173
In base 5, what is 144 - 220103044?
-220102400
In base 7, what is 1026212 - -63?
1026305
In base 15, what is 1 + 137278e?
1372790
In base 11, what is 5a56 + 3361?
9307
In base 2, what is -100110000110000101 - 10001000010?
-100110010111000111
In base 9, what is 18528068 - -6?
18528075
In base 6, what is -10001520125 - -5?
-10001520120
In base 2, what is -1001110110011111 + -1110111000?
-1010000101010111
In base 14, what is -1c9098 - 34d?
-1c9407
In base 10, what is -5 - -2303603?
2303598
In base 13, what is -4b404c + 72?
-4b3caa
In base 6, what is 125 - 11323454?
-11323325
In base 13, what is a52 - -1c657?
203a9
In base 9, what is 5155 + -15245?
-10080
In base 2, what is -101111101011001 - -1100100011?
-101110000110110
In base 13, what is 4a38 + -208?
4830
In base 16, what is bf8a + 49?
bfd3
In base 16, what is 2 + c57ff4?
c57ff6
In base 6, what is 155522443 + 10?
155522453
In base 5, what is -113214 + -111034?
-224303
In base 2, what is 11010100101111110 - 1110110?
11010100100001000
In base 7, what is 64 - -133461242?
133461336
In base 3, what is -2112201 - 2020022112?
-2022212020
In base 14, what is a + -8700a9?
-87009d
In base 12, what is -234a - 49a1?
-712b
In base 5, what is -1312142420 + -1?
-1312142421
In base 10, what is -44 + 10471?
10427
In base 4, what is -1 + -131301013110?
-131301013111
In base 10, what is 7974009 + -17?
7973992
In base 3, what is 2 + -12020021112111211?
-12020021112111202
In base 4, what is -12 - -232322311?
232322233
In base 10, what is -97266 - 734?
-98000
In base 6, what is 5 + 54125?
54134
In base 15, what is 3 + -1e8a61d?
-1e8a61a
In base 5, what is -3 + -1031023234?
-1031023242
In base 5, what is -1410 + -34343?
-41303
In base 12, what is -49 + 105671?
105624
In base 4, what is -220311220002 - -32?
-220311213310
In base 4, what is -20332232233 - 112?
-20332233011
In base 11, what is -50 + 17a1?
1751
In base 8, what is 60040354 + -6?
60040346
In base 11, what is -1a4149310 + 5?
-1a4149306
In base 3, what is 111221111212 + 12?
111221112001
In base 12, what is 117b9701 - 5?
117b96b8
In base 8, what is -14016 + 514?
-13302
In base 14, what is 97767 - 365?
97402
In base 16, what is 123 + 41377?
4149a
In base 10, what is 7 - -339781?
339788
In base 6, what is -3 + 51515125?
51515122
In base 7, what is -2363223551 + -2?
-2363223553
In base 5, what is -103023034004 - -1?
-103023034003
In base 10, what is -230 + -19443?
-19673
In base 2, what is 100111 + 10101011111001100111?
10101011111010001110
In base 13, what is -1 + -21b6315?
-21b6316
In base 11, what is -43 - 50036?
-50079
In base 6, what is 34014 + -434?
33140
In base 11, what is -3258 + -4a01?
-8159
In base 6, what is 435511504 + -4?
435511500
In base 15, what is ead45 + -5?
ead40
In base 8, what is 122 + -3376764?
-3376642
In base 13, what is bc - 136839?
-13674a
In base 4, what is 1211310 - -112011?
1323321
In base 8, what is -3765462 - -22?
-3765440
In base 13, what is -3 - 9a2bb7?
-9a2bba
In base 4, what is -103130320 - -3320?
-103121000
In base 7, what is 4465 + 26621?
34416
In base 7, what is -15 - 10130416?
-10130434
In base 13, what is -18 - -1299124?
1299109
In base 5, what is 1 - -342141240142?
342141240143
In base 5, what is 241 + -3140134?
-3134343
In base 16, what is -c321d + 5?
-c3218
In base 13, what is -19411cc + 12?
-19411ba
In base 14, what is -113b + -894?
-19d1
In base 13, what is 86a - 70a78?
-7020b
In base 11, what is -22 - 32650528?
-3265054a
In base 3, what is -11 - -1020202200012001?
1020202200011220
In base 13, what is 5 + 46597a?
465982
In base 4, what is -120201 + 1233112?
1112311
In base 2, what is 1011101000000001111 - 111010?
1011100111111010101
In base 2, what is 11100101000010 + -10110110011001?
101110101001
In base 11, what is 5 + -2986099?
-2986094
In base 9, what is 5 - -7073073?
7073078
In base 7, what is 150 - -5353035?
5353215
In base 13, what is 7821 - ab0?
6a41
In base 8, what is 70735661 - 13?
70735646
In base 13, what is 237b - -1a17?
4095
In base 6, what is -115 + 215421432?
215421313
In base 9, what is 1676738286 - 5?
1676738281
In base 12, what is 1 + a1888?
a1889
In base 5, what is 24 + 2444441?
3000020
In base 16, what is -4 - 1bd72?
-1bd76
In base 12, what is -163b7824 + 4?
-163b7820
In base 14, what is 15086 - -20c?
15294
In base 14, what is -3 + 924244?
924241
In base 9, what is 423 + 58301?
58724
In base 2, what is -1 + 110111011011000010101100010?
110111011011000010101100001
In base 16, what is c + -3a05c5?
-3a05b9
In base 13, what is -417bb - -44?
-41777
In base 11, what is -5 - 1805361?
-1805366
In base 6, what is 4312 - -452411?
501123
In base 10, what is 14616 - 1304?
13312
In base 15, what is -26d85 + -8?
-26d8d
In base 14, what is -75645 + 84d?
-74bd6
In base 10, what is -221310 + 921?
-220389
In base 12, what is 706 - 836a8?
-82ba2
In base 9, what is -3171524 - -6?
-3171517
In base 10, what is 2 - 35491590?
-35491588
In base 4, what is 212110300231 - 12?
212110300213
In base 15, w